{"id":33,"date":"2021-03-05T21:26:03","date_gmt":"2021-03-05T21:26:03","guid":{"rendered":"https:\/\/hospedatenlaisla.com\/version2\/home\/"},"modified":"2026-04-30T01:51:22","modified_gmt":"2026-04-30T01:51:22","slug":"home","status":"publish","type":"page","link":"https:\/\/hospedatenlaisla.com\/version2\/","title":{"rendered":"HOME"},"content":{"rendered":"\n\n\n\n\n\n\n\n<p>su Propiedad aqui<\/p>\n\n\n\n\n\n\n\n<p>PROPERTY BROKERS<\/p>\n<h5>CORREDORES DE INMUEBLES<\/h5>\n\n\n\n\n\n\r\n<div>\u00a0<\/div>\r\n<div>SU CORREDOR INDEPENDIENTE INMOBILIARIO DE CONFIANZA EN LA ISLA DE MARGARITA<\/div>\r\n\n<p><span style=\"font-weight: normal;\"><span style=\"font-weight: normal;\"><br><\/span><\/span><\/p><p><span style=\"font-weight: normal;\"><span style=\"font-weight: normal;\"> \u00a1Bienvenidos! HOSPEDATENLAISLA.COM su agente Asesor Inmobiliario preferido en la Isla de margarita para realizar sus compras e inversi\u00f3n Inmobiliaria o la venta de su inmueble actual, o planificar ese lugar so\u00f1ado donde desea vivir o retirarse en el mejor lugar para vivir de Venezuela, cuenta con nosotros como su aliado de confianza con mas de 12 a\u00f1os de experiencia en el \u00e1rea. <\/span><\/span><\/p><p><span style=\"font-weight: normal;\"><span style=\"font-weight: normal;\"><br><\/span><\/span><\/p>\n\n\n\n\n\r\n<p>Tenemos las mejores propiedades seleccionadas para su gusto y al mejor precio del mercado&#8230;<\/p>\r\n\n\r\n<p>most recent properties offered for you<\/p>\r\n\n\n\n\r\n\r\n\nAPARTAMENTOS\n<p><a href=\"https:\/\/realtytest.hospedoweb.com\/index.php?page=search&#038;sCategory=43&#038;sCountry=VE&#038;sShowAs=gallery\" rel=\"noopener\">Venta<\/a> y <a target=\"_blank\" rel=\"noopener\">Alquiler<\/a><\/p><p><a target=\"_blank\" rel=\"noopener\">Los mejores Apartamentos<br><\/a><\/p>\n\n\n\n\r\n\r\n\n<a href=\"https:\/\/realtytest.hospedoweb.com\/index.php?page=search&amp;sCategory=97&amp;sCountry=VE&amp;sShowAs=gallery&amp;sOrder=dt_pub_date&amp;iOrderType=desc\" class=\"pagelayer-link-sel\">\n<\/a><p><a href=\"https:\/\/realtytest.hospedoweb.com\/index.php?page=search&amp;sCategory=97&amp;sCountry=VE&amp;sShowAs=gallery&amp;sOrder=dt_pub_date&amp;iOrderType=desc\" class=\"pagelayer-link-sel\"><\/a><a href=\"https:\/\/realtytest.hospedoweb.com\/index.php?page=search&#038;sCategory=97&#038;sCountry=VE&#038;sShowAs=gallery&#038;sOrder=dt_pub_date&#038;iOrderType=desc\" target=\"_blank\" rel=\"noopener\">QUINTAS, CASAS<\/a><\/p>\n<p>Las mejores casas y quintas para comprar o alquilar<a href=\"https:\/\/hospedatenlaisla.com\/osclaas\/index.php?page=search&amp;sCategory=4\"><br><\/a><\/p>\n\n\n\n\r\n\r\n\n<a href=\"https:\/\/realtytest.hospedoweb.com\/index.php?page=search&amp;sCategory=97&amp;sCountry=VE&amp;sShowAs=gallery&amp;sOrder=dt_pub_date&amp;iOrderType=desc\" class=\"pagelayer-link-sel\">\n<\/a><p><a href=\"https:\/\/realtytest.hospedoweb.com\/index.php?page=search&amp;sCategory=97&amp;sCountry=VE&amp;sShowAs=gallery&amp;sOrder=dt_pub_date&amp;iOrderType=desc\" class=\"pagelayer-link-sel\"><\/a><a href=\"https:\/\/realtytest.hospedoweb.com\/index.php?page=search&#038;sCategory=97&#038;sCountry=VE&#038;sShowAs=gallery&#038;sOrder=dt_pub_date&#038;iOrderType=desc\" target=\"_blank\" rel=\"noopener\">TOWNHOUSES<\/a><\/p>\n<a href=\"https:\/\/realtytest.hospedoweb.com\/index.php?page=search&amp;sCategory=97&amp;sCountry=VE&amp;sShowAs=gallery&amp;sOrder=dt_pub_date&amp;iOrderType=desc\" class=\"pagelayer-link-sel\">\n<\/a><p><a href=\"https:\/\/realtytest.hospedoweb.com\/index.php?page=search&amp;sCategory=97&amp;sCountry=VE&amp;sShowAs=gallery&amp;sOrder=dt_pub_date&amp;iOrderType=desc\" class=\"pagelayer-link-sel\">Las mejores opciones en<\/a>&nbsp;Conjuntos Cerrados<\/p>\n<p><a\u00a0href=\"https: realtytest.hospedoweb.com=\"\" index.php?page=\"search&amp;sCategory=97&amp;sCountry=VE&amp;sShowAs=gallery&amp;sOrder=dt_pub_date&amp;iOrderType=desc&quot;\" class=\"pagelayer-link-sel\"><a href=\"https:\/\/hospedatenlaisla.com\/osclaas\/index.php?page=search&amp;sCategory=11\" target=\"_blank\" rel=\"noopener\">&nbsp;<\/a><\/a\u00a0href=\"https:><\/p>\n<p><a\u00a0href=\"https: hospedatenlaisla.com=\"\" osclaas=\"\" index.php?page=\"search&amp;sCategory=11&quot;\" target=\"_blank\" rel=\"noopener\"><\/a\u00a0href=\"https:><\/p>\n\n\n\n\r\n\r\n\n<a href=\"https:\/\/realtytest.hospedoweb.com\/index.php?page=search&amp;sCategory=103&amp;sCountry=VE&amp;sShowAs=gallery&amp;sOrder=dt_pub_date&amp;iOrderType=desc\" class=\"pagelayer-link-sel\">\n<\/a><p><a href=\"https:\/\/realtytest.hospedoweb.com\/index.php?page=search&amp;sCategory=103&amp;sCountry=VE&amp;sShowAs=gallery&amp;sOrder=dt_pub_date&amp;iOrderType=desc\" class=\"pagelayer-link-sel\"><\/a><a href=\"https:\/\/realtytest.hospedoweb.com\/index.php?page=search&#038;sCategory=103&#038;sCountry=VE&#038;sShowAs=gallery&#038;sOrder=dt_pub_date&#038;iOrderType=desc\" target=\"_blank\" rel=\"noopener\">LOCALES<\/a>, <a href=\"https:\/\/realtytest.hospedoweb.com\/index.php?page=search&#038;sCategory=103&#038;sCountry=VE&#038;sShowAs=gallery&#038;sOrder=dt_pub_date&#038;iOrderType=desc\" target=\"_blank\" rel=\"noopener\">TERRENOS<\/a>, <a href=\"https:\/\/realtytest.hospedoweb.com\/index.php?page=search&#038;sCategory=103&#038;sCountry=VE&#038;sShowAs=gallery&#038;sOrder=dt_pub_date&#038;iOrderType=desc\" target=\"_blank\" rel=\"noopener\">POSADAS<\/a>, <a href=\"https:\/\/realtytest.hospedoweb.com\/index.php?page=search&#038;sCategory=103&#038;sCountry=VE&#038;sShowAs=gallery&#038;sOrder=dt_pub_date&#038;iOrderType=desc\" target=\"_blank\" rel=\"noopener\">HOTELES<\/a><\/p>\n\r\n<p>Explore nuestra secci\u00f3n o cont\u00e1ctenos para ubicarle lo que busca&#8230;<\/p>\r\n\n\n\n\n\n\n\n\n<p>Nuestros Servicios<\/p>\n\r\n<p>Cuente con nosotros para vender su propiedad, contamos con una variada y selecta clientela de a\u00f1os&#8230;<\/p>\r\n\n\n\n<h6><span style=\"background-color: rgb(255, 255, 255);\">No tiene necesidad de ceder su propiedad a muchos Intermediarios, ya que trabajamos con los mejores de la Isla interrelacionados entre si con la Camara Inmobiliaria. Si no lo tenemos lo buscamos entre colegas aliados de comprobada reputaci\u00f3n.<\/span><\/h6>\n\n\n<h6>Registrese como cliente, maneje sus elecciones con nosotros, comuniquese desde su oficina cliente, deje constancia de todo el proceso en ella. Sientase como en su propia oficina virtual.<\/h6>\n\n\n<h6><span style=\"background-color: rgb(255, 255, 255);\"><br><\/span><\/h6><h6><span style=\"background-color: rgb(255, 255, 255);\">Beneficiese de comparar todo antes de comprar. No nos cansaremos hasta consegurle lo que busca y al mas competitivo precio. \u00a1Negociemos precio! Somos expertos en el \u00e1rea.<\/span><\/h6>\n\n\n\n\n\n\n<p>PORQUE ELEGIRNOS COMO SU ASESOR&#8230;<\/p>\n<div>&nbsp;<\/div>\n<div>&nbsp;<\/div>\n<div>&nbsp;<\/div>\n<div>Adquirir una propiedad con nosotros significa comprar con seguridad, con clientes previamente seleccionados y verificados su legalidad y autenticidad. Ud. podr\u00e1 chequear junto con nosotros todo el proceso transparente, y lo mejor con gente que sabe y conoce de verdad en el \u00e1rea para obtener el resultado positivo 100% garantizado de su operaci\u00f3n de compra o venta de su Inmueble.<\/div>\n\r\n\r\n\n\n\n<h6><span style=\"background-color: rgb(255, 255, 255);\"><h6>Tenemos mas de 13 a\u00f1os de experiencia en el Mercado Inmobiliario con full experiencia de clientes plenamente satisfechos.<\/h6>\n<h6><span style=\"background-color: rgb(255, 255, 255);\">Tenemos mas de 22 a\u00f1os de experiencia en el \u00e4rea Inmobiliaria global en el pa\u00eds, y relacionados con los mejores Asesores del mercado.<\/p><\/span><\/h6>\n<h6><span style=\"background-color: rgb(255, 255, 255);\"><h6>Poseemos adem\u00e1s el mejor equipo de asesores legales de la isla. Nunca se sentir\u00e1 perdido a la hora de comprar o vender su propiedad, sabiendo que est\u00e1 en las mejores manos bien asesorado hasta culminar el proceso de compra y recibir su dinero. Despreoc\u00fapese de improvisaciones, de novatos y poco profesionales que solo buscan su beneficio propio.<\/h6><\/span><\/h6>\n\n\n\n\n<p>Casas, Villas con Dise\u00f1os Modernos O Cl\u00e1sicos With Guest House And Pool<\/p>\n<p><span style=\"font-weight: normal;\">\u00a1VENDIDA!<\/span><\/p>\n<h6>Fo<b>ur bedrooms (Two Masters), Gym, Game Room\/Office, three full bathrooms and two half baths. Dramatic Architectural windows frame the Family Room&#8217;s 20-foot high views of the Natural Preserve.<br>Exquisite Euro-Style Gourmet Kitchen with exotic granite countertops, center Island, new commercial-grade appliances (Liebherr, GE Monogram, Viking). Breakfast bar with views of the pool and courtyard.<\/b>&nbsp;&nbsp;<\/h6>\n<p>4 Beds \u2013 5,1\/2Baths \u2013 3454 Sqft 900Mts aprox Const. 1200 Mts. Terreno<\/p>\n\n\n\n\n\r\n<p>Nuestros Calificados Agentes&#8230;<\/p>\r\n\n\n\n\r\n\r\n\n\r\n<p>Arturo Bravo<\/p>\r\n\n<p>Gte General<\/p><p>Mas de 20 a\u00f1os de Experiencia<\/p>\n\n\n\n\n\n\n\n\n\n\n\r\n\r\n\n\r\n<p>Mirna Salaya de Bravo<\/p>\r\n\n<p>Asistente 08 a\u00f1os Experiencia<\/p>\n\n\n\n\n\n\n\n\n\n\n\n\n<p>&nbsp;Sea uno de esos satisfechos y felices clientes, que junto a sus familias han encontrado la vivienda de sus sue\u00f1os en la Isla de Margarita, habiendo invertido su patrimonio de forma inteligente y programada, no dejando su operaci\u00f3n de compra al azar.&nbsp;<\/p><p><br><\/p><p><br><\/p><p>Haga como Nosotros&#8230;<\/p>\n\n\r\n<p>John and Alice, De Inglaterra&#8230;<\/p>\r\n\n\n<div><h6>O Sea uno de nuestros satisfechos y felices clientes, que nos han confiado la intermadiaci\u00f3n de la venta de su Propiedad con pleno exito Y en tiempo record, sin los contratiempos derivados de improvisaciones durante el proceso de venta no debidamente planificadas con expertos&#8230;<br><\/h6><br><\/div><p><br><\/p><div>\u00a1Sean \u00e1mbos Bienvenidos!<br> <\/div>\n\n\n\n\r\n\r\n\n\n\n","protected":false},"excerpt":{"rendered":"","protected":false},"author":1,"featured_media":0,"parent":0,"menu_order":0,"comment_status":"closed","ping_status":"closed","template":"","meta":{"pagelayer_contact_templates":[],"_pagelayer_content":"","footnotes":""},"class_list":["post-33","page","type-page","status-publish","hentry"],"_links":{"self":[{"href":"https:\/\/hospedatenlaisla.com\/version2\/wp-json\/wp\/v2\/pages\/33","targetHints":{"allow":["GET"]}}],"collection":[{"href":"https:\/\/hospedatenlaisla.com\/version2\/wp-json\/wp\/v2\/pages"}],"about":[{"href":"https:\/\/hospedatenlaisla.com\/version2\/wp-json\/wp\/v2\/types\/page"}],"author":[{"embeddable":true,"href":"https:\/\/hospedatenlaisla.com\/version2\/wp-json\/wp\/v2\/users\/1"}],"replies":[{"embeddable":true,"href":"https:\/\/hospedatenlaisla.com\/version2\/wp-json\/wp\/v2\/comments?post=33"}],"version-history":[{"count":83,"href":"https:\/\/hospedatenlaisla.com\/version2\/wp-json\/wp\/v2\/pages\/33\/revisions"}],"predecessor-version":[{"id":313,"href":"https:\/\/hospedatenlaisla.com\/version2\/wp-json\/wp\/v2\/pages\/33\/revisions\/313"}],"wp:attachment":[{"href":"https:\/\/hospedatenlaisla.com\/version2\/wp-json\/wp\/v2\/media?parent=33"}],"curies":[{"name":"wp","href":"https:\/\/api.w.org\/{rel}","templated":true}]}}